e the remainder when 15760 is divided by 2626.
4
What is the remainder when 4970 is divided by 316?
230
Calculate the remainder when 235927 is divided by 5.
2
What is the remainder when 27026 is divided by 429?
428
What is the remainder when 17684 is divided by 323?
242
Calculate the remainder when 35858 is divided by 386.
346
Calculate the remainder when 25548 is divided by 73.
71
What is the remainder when 58471 is divided by 8343?
70
What is the remainder when 2053728 is divided by 19?
18
Calculate the remainder when 369 is divided by 121.
6
Calculate the remainder when 4187 is divided by 417.
17
Calculate the remainder when 781 is divided by 420.
361
Calculate the remainder when 1672 is divided by 416.
8
Calculate the remainder when 1439726 is divided by 16.
14
Calculate the remainder when 969 is divided by 306.
51
Calculate the remainder when 22233 is divided by 117.
3
What is the remainder when 87535 is divided by 12502?
21
Calculate the remainder when 338908 is divided by 395.
393
Calculate the remainder when 6295 is divided by 4724.
1571
Calculate the remainder when 499 is divided by 90.
49
What is the remainder when 54399 is divided by 309?
15
What is the remainder when 24465 is divided by 2228?
2185
Calculate the remainder when 1581 is divided by 248.
93
Calculate the remainder when 66802 is divided by 955.
907
What is the remainder when 1007093 is divided by 1591?
1581
What is the remainder when 10168 is divided by 9437?
731
Calculate the remainder when 146941 is divided by 212.
25
What is the remainder when 220 is divided by 89?
42
What is the remainder when 565522 is divided by 13?
9
Calculate the remainder when 6163 is divided by 269.
245
Calculate the remainder when 42081 is divided by 296.
49
What is the remainder when 22514 is divided by 16?
2
Calculate the remainder when 79 is divided by 15.
4
Calculate the remainder when 30204 is divided by 32.
28
Calculate the remainder when 17873 is divided by 177.
173
What is the remainder when 52016 is divided by 4727?
19
What is the remainder when 282016 is divided by 118?
114
Calculate the remainder when 965 is divided by 24.
5
What is the remainder when 1157 is divided by 231?
2
What is the remainder when 8802 is divided by 2902?
96
What is the remainder when 6632 is divided by 2529?
1574
What is the remainder when 2349 is divided by 455?
74
What is the remainder when 5837 is divided by 262?
73
Calculate the remainder when 5680 is divided by 1108.
140
What is the remainder when 1756 is divided by 729?
298
Calculate the remainder when 5198 is divided by 124.
114
What is the remainder when 16076 is divided by 24?
20
What is the remainder when 8043 is divided by 175?
168
What is the remainder when 4345 is divided by 27?
25
Calculate the remainder when 60785 is divided by 85.
10
Calculate the remainder when 31951 is divided by 31896.
55
What is the remainder when 5973 is divided by 233?
148
Calculate the remainder when 17338 is divided by 8666.
6
Calculate the remainder when 671241 is divided by 149.
145
Calculate the remainder when 9066 is divided by 1614.
996
Calculate the remainder when 24720 is divided by 59.
58
What is the remainder when 1389 is divided by 39?
24
What is the remainder when 469919 is divided by 108?
11
Calculate the remainder when 92560 is divided by 6600.
160
What is the remainder when 52775 is divided by 73?
69
Calculate the remainder when 2238388 is divided by 10.
8
Calculate the remainder when 48839 is divided by 1318.
73
Calculate the remainder when 46289 is divided by 267.
98
What is the remainder when 914296 is divided by 446?
442
Calculate the remainder when 210445 is divided by 666.
655
What is the remainder when 681 is divided by 59?
32
Calculate the remainder when 5390 is divided by 119.
35
Calculate the remainder when 812 is divided by 139.
117
Calculate the remainder when 386606 is divided by 584.
582
What is the remainder when 6293 is divided by 184?
37
Calculate the remainder when 1324 is divided by 162.
28
What is the remainder when 3394 is divided by 556?
58
Calculate the remainder when 3290 is divided by 289.
111
Calculate the remainder when 58 is divided by 30.
28
Calculate the remainder when 30529 is divided by 7.
2
What is the remainder when 348761 is divided by 79?
55
Calculate the remainder when 14117 is divided by 107.
100
Calculate the remainder when 5933 is divided by 637.
200
Calculate the remainder when 44355 is divided by 90.
75
Calculate the remainder when 13325 is divided by 1024.
13
What is the remainder when 22568 is divided by 66?
62
Calculate the remainder when 3570 is divided by 1142.
144
Calculate the remainder when 574328 is divided by 143581.
4
What is the remainder when 1985 is divided by 13?
9
What is the remainder when 17382 is divided by 106?
104
Calculate the remainder when 122309 is divided by 302.
301
Calculate the remainder when 3755 is divided by 366.
95
What is the remainder when 136137 is divided by 184?
161
Calculate the remainder when 456043 is divided by 561.
511
Calculate the remainder when 7927 is divided by 724.
687
What is the remainder when 11425 is divided by 573?
538
Calculate the remainder when 121377 is divided by 9334.
35
Calculate the remainder when 9891 is divided by 1978.
1
What is the remainder when 5271 is divided by 73?
15
Calculate the remainder when 22050 is divided by 1102.
10
What is the remainder when 548649 is divided by 182877?
18
What is the remainder when 1704 is divided by 109?
69
What is the remainder when 527 is divided by 516?
11
Calculate the remainder when 10316 is divided by 555.
326
What is the remainder when 4719 is divided by 729?
345
Calculate the remainder when 8486 is divided by 270.
116
What is the remainder when 2085 is divided by 174?
171
Calculate the remainder when 58631 is divided by 2665.
1
Calculate the remainder when 97980 is divided by 191.
188
What is the remainder when 318582 is divided by 56?
54
Calculate the remainder when 8238 is divided by 318.
288
Calculate the remainder when 66432 is divided by 992.
960
Calculate the remainder when 1336058 is divided by 182.
178
What is the remainder when 28149 is divided by 612?
609
Calculate the remainder when 373256 is divided by 9.
8
What is the remainder when 27266 is divided by 21?
8
Calculate the remainder when 12914 is divided by 12913.
1
What is the remainder when 5570 is divided by 355?
245
What is the remainder when 545473 is divided by 35?
33
Calculate the remainder when 4145 is divided by 1170.
635
What is the remainder when 12607 is divided by 1140?
67
Calculate the remainder when 633112 is divided by 211036.
4
What is the remainder when 4118 is divided by 345?
323
Calculate the remainder when 12867 is divided by 1466.
1139
Calculate the remainder when 13726 is divided by 176.
174
Calculate the remainder when 8409 is divided by 250.
159
What is the remainder when 1307 is divided by 10?
7
Calculate the remainder when 50196 is divided by 245.
216
Calculate the remainder when 1232823 is divided by 591.
588
What is the remainder when 13678 is divided by 34?
10
Calculate the remainder when 5934 is divided by 108.
102
Calculate the remainder when 2178 is divided by 51.
36
Calculate the remainder when 9817 is divided by 138.
19
Calculate the remainder when 910 is divided by 46.
36
What is the remainder when 1075988 is divided by 14?
4
Calculate the remainder when 13764 is divided by 1966.
2
Calculate the remainder when 93625 is divided by 103.
101
What is the remainder when 1589273 is divided by 529756?
5
Calculate the remainder when 8150 is divided by 7981.
169
Calculate the remainder when 71337 is divided by 71325.
12
Calculate the remainder when 17134 is divided by 650.
234
What is the remainder when 1291 is divided by 197?
109
What is the remainder when 1363 is divided by 99?
76
Calculate the remainder when 3546 is divided by 67.
62
Calculate the remainder when 10992 is divided by 116.
88
Calculate the remainder when 697 is divided by 125.
72
Calculate the remainder when 33407 is divided by 12.
11
Calculate the remainder when 451673 is divided by 40.
33
What is the remainder when 78014 is divided by 473?
442
What is the remainder when 211680 is divided by 123?
120
What is the remainder when 21334 is divided by 7